 greatest common factor of i and t.
17
Suppose -2*b + b - 2 = -2*q, 0 = -2*q. Let t be (38/(-4))/(b/4). What is the highest common divisor of t and 133?
19
Suppose m = -3*m + 56. What is the highest common factor of m and 70?
14
Suppose -4*b + 4*s = -83 - 253, -4*b - 5*s + 300 = 0. What is the highest common factor of 10 and b?
10
Let q = 10 + -3. Let a = q - -3. What is the greatest common factor of a and 50?
10
Suppose 2 + 14 = l. What is the highest common divisor of 80 and l?
16
Suppose 4*p - 100 = -4*u, -5*p + 2*u + 160 = -0*u. Calculate the greatest common divisor of p and 300.
30
Suppose -203 + 551 = 6*c. Suppose -2*m + 4 = -3*m, -c = -2*n + 2*m. What is the highest common factor of n and 10?
5
Let s be (-18)/(-15)*(-10 + 15). Let p = 15 + -5. Let r be 4/p + 714/15. What is the greatest common divisor of r and s?
6
Suppose -3*o + 5 = -13. Suppose o*k - 12 = 2*k. What is the greatest common divisor of 33 and k?
3
Suppose 3*r + s = -r + 98, -4*s = -8. Let g be 2 + 1 + (-66)/(-2). Calculate the highest common factor of g and r.
12
Suppose 52 = 2*a + r, -r + 0*r = -2*a + 48. What is the highest common divisor of 50 and a?
25
Let z(o) be the first derivative of o**3/3 + 3*o**2 - o - 1. Let h be z(-7). Let u = h + 0. What is the highest common factor of 48 and u?
6
Let y be 754/91 + 2/(-7). What is the highest common factor of y and 8?
8
Let f(q) = -2249*q + 1. Let a be f(1). Let d be a/(-20) - (-4)/(-10). Calculate the greatest common factor of d and 14.
14
Let a = -5 + 5. Let x = a + 0. Suppose 4*s = 2*k + 46, x*s = -3*s + 3*k + 33. What is the greatest common divisor of 60 and s?
12
Suppose -w + 4*o = -14, 0 = -w - 2*w - 4*o + 106. Calculate the highest common factor of 240 and w.
30
Suppose 5*a - 4 = -2*y + 6, 3*y + 8 = 4*a. Suppose -3*q - 10 = -j, -j + a*q = -2*j. What is the highest common divisor of 36 and j?
4
Let q(c) = -c**3 + 2*c**2 + c + 1. Let i be q(2). Let b(t) = -5 - 1 + t**2 - 4 - i*t. Let j be b(7). Calculate the greatest common factor of j and 6.
6
Suppose d - 7 - 18 = -3*n, -3*d - 2*n = -75. What is the highest common factor of 10 and d?
5
Let t = 12 + -8. Let g be (-6)/(-12) + 250/t. Let n(f) = 2*f - 1. Let k be n(4). What is the highest common divisor of k and g?
7
Suppose -3*o = -n + o + 61, 3*o + 102 = 2*n. What is the highest common divisor of 18 and n?
9
Let f(h) = -11*h + 4. Let p be f(-8). Let o = -66 + p. Suppose 2*c - o = 14. What is the highest common divisor of 4 and c?
4
Suppose 2*n = -t, -20 = -4*t - n - 6. Let l = -1 + 0. Let w be 5*l*-2 + -2. What is the greatest common divisor of w and t?
4
Let i(x) = x**3 - 7*x**2 + 2*x - 10. Let q be i(7). Suppose -4 + 16 = q*f. Suppose 0 = 3*j - 2*j - 21. Calculate the greatest common factor of f and j.
3
Let k be (-30)/(-45) - ((-398)/6 - -1). Calculate the highest common factor of 6 and k.
6
Suppose 2*p + 66 = 5*p. Let f = -7 + p. What is the highest common factor of f and 165?
15
Suppose 3*q + 3 - 16 = -z, -3*z - 5 = -2*q. Let u be 1 + 3 - -3 - -1. Let x be (-3)/(-6*1)*u. Calculate the greatest common divisor of x and z.
1
Suppose 3*w = -3*v + 501, -4*w + 5*w = v + 163. Calculate the highest common factor of 15 and w.
15
Let q(s) = -s**3 - 7*s**2 - 7*s - 1. Let o be q(-6). What is the highest common divisor of o and 15?
5
Let z(s) = -s**2 - 8*s + 12. Let l be z(-6). Calculate the greatest common factor of l and 36.
12
Let z be 9/(-6)*(-152)/12. Suppose j - z = 13. Let i be 62/8 + 1/4. What is the highest common factor of i and j?
8
Suppose 3*s - 2*s = 35. Calculate the highest common factor of 15 and s.
5
Let j = -7 - -21. Let v = 2 - -2. Let a be (-1)/(2/v) - -23. What is the highest common divisor of j and a?
7
Suppose 5*o = 5*z, 4 = 2*z + 3*o - o. Let s(q) = -q**3 - 5*q**2 - 4*q + 5. Let f be s(-4). What is the highest common divisor of z and f?
1
Let t be (4 + -2)*(-1 - -55). Calculate the highest common factor of t and 27.
27
Suppose 3*p - 39 = 33. Suppose 4*w + p = 2*d, 0 = -d - 6*w + w - 23. Let b = -1 + 2. Calculate the greatest common factor of b and d.
1
Let g(p) = p - 2. Let n be g(2). Suppose n = 2*y + c - 3*c - 40, 2*y - 54 = -5*c. Calculate the greatest common factor of 242 and y.
22
Suppose -1 = d - 8. Let n = -4 + d. Let h(g) = -3*g - 6. Let i be h(-7). Calculate the greatest common factor of i and n.
3
Suppose 0 = 2*z - 770 - 170. Suppose -a + 4*n = 4*a - 577, 4*a + n = z. Calculate the greatest common factor of a and 13.
13
Let m = 23 - 11. Let c = -36 + 144. What is the greatest common divisor of c and m?
12
Let i(d) = 2*d - 26. Let s be i(17). Suppose 3*r + 8*g - 1 = 3*g, 2*g + 6 = 2*r. Calculate the greatest common factor of s and r.
2
Suppose -194 = -4*m + n, 0 = m - 0*m + 5*n - 38. Calculate the greatest common divisor of 6 and m.
6
Suppose 0 = -4*u + o + 17, 3*u + 3*o + 3 = -u. Calculate the greatest common factor of 21 and u.
3
Let t = 7 - -1. Let n be (-4)/10 + 14/10. What is the highest common factor of t and n?
1
Let k = 32 - 17. Calculate the highest common divisor of k and 45.
15
Suppose 5 = 4*t - 7. Let x be 2 + -4 - (-23 - t). Calculate the highest common factor of x and 3.
3
Let u be 0 + ((-7)/(7/2) - -4). Calculate the greatest common factor of u and 10.
2
Suppose -n - 22 + 11 = 5*w, -3*w = -5*n + 29. Let s = 5 - 1. Calculate the highest common divisor of s and n.
4
Let z(b) = -b**2 + 12*b - 15. Let g be z(7). Calculate the highest common factor of g and 50.
10
Let o(t) = t**2 + 2*t - 3. Let x(z) = -z + 6. Let r be x(9). Let m be o(r). Let h be (45 + m)/(2/4). Calculate the highest common factor of 10 and h.
10
Let l(k) = -k - 3. Let i be l(-3). Let s be 104 + i*(-1)/2. What is the greatest common factor of 13 and s?
13
Let p = -24 - -71. Suppose -p = -5*z + y, -26 = -2*z - y - y. Calculate the greatest common divisor of 5 and z.
5
Let m be 1/(-8)*-4*0. Suppose -3*f + m*f + 87 = -3*d, 0 = 2*f + 2*d - 62. Let u = 107 + -62. Calculate the highest common divisor of f and u.
15
Suppose 4*l + b = -2*b + 2, b + 2 = 0. What is the highest common factor of 8 and l?
2
Let a(g) = -g**2 + 9*g + 43. Let j be a(10). What is the highest common divisor of j and 99?
33
Suppose 0*g + 5*g = 25. Suppose -5*w + w = -2*p - 24, 0 = -g*w + 2*p + 30. What is the greatest common divisor of 1 and w?
1
Suppose 0 = -6*v + 4*v + 104. What is the highest common factor of v and 39?
13
Suppose -21 - 8 = -o. Let t = -9 + o. What is the greatest common divisor of t and 140?
20
Suppose -5*r = -3*v + 2, -5*v + v + 26 = 5*r. Suppose -16 = v*h, -3*h + 62 = 4*p - 6. Calculate the highest common factor of 50 and p.
10
Let k = -16 + 28. Let j(h) = 3*h**2 + 6*h. Let p be j(-7). Let z = -75 + p. What is the greatest common divisor of z and k?
6
Suppose -4*n = -4*m + 3*m + 24, 2*m = 5*n + 54. What is the greatest common factor of m and 16?
16
Let h = -62 + 66. Calculate the highest common divisor of h and 12.
4
Let q be (-3)/9*-2*12. Calculate the highest common divisor of q and 8.
8
Let a = -6 + 10. Let i(t) = t**3 + 4*t**2 - 6*t - 6. Let n be i(-5). Let b = a + n. What is the highest common divisor of 9 and b?
3
Suppose 30*t - 17*t - 65 = 0. Suppose -131 = -3*p + 34. What is the highest common factor of p and t?
5
Let n = 164 - 96. Suppose g = 5*g - n. Calculate the highest common divisor of g and 119.
17
Let v(a) = -a**3 - a**2 - 2. Let t be v(-2). Suppose -2*u - t*u = -16. Let k = -17 + 29. Calculate the highest common factor of k and u.
4
Let o(q) = q**3 + 17*q**2 - q - 11. Let x be o(-17). Calculate the greatest common divisor of x and 15.
3
Let d = 11 - 8. Let r = 7 - d. Let q be (6/(-5))/((-3)/110). What is the greatest common factor of q and r?
4
Let x = 19 + -8. Suppose 0*y + 3*y = 297. Calculate the highest common factor of x and y.
11
Let a be 4/(-16) + 50/8. What is the highest common factor of 48 and a?
6
Let s = 0 - -14. Suppose -5*i + 206 = -4*o, 0*o - 167 = -4*i + o. Calculate the greatest common factor of s and i.
14
Let j(d) = -11*d + 149. Let n be j(13). Let l be (-2)/(-2 - (1 - 2)). Calculate the greatest common factor of l and n.
2
Let j(u) = -4*u + 1. Let n be j(2). Let l = -5 - n. Let c be 1/(-1*l/(-34)). What is the highest common divisor of 17 and c?
17
Let i(m) = m**2 + 2*m + 3. Let h be i(-2). Let o = 47 - 20. What is the greatest common diviso